5, 6*s - 5*s + 5*c = 9. Suppose 0 = k + 4*f - 26 - 73, 4*f + 20 = 0. Calculate the remainder when k is divided by s.
17
Let i be (-2)/((-2)/(-47)*-1). Suppose -i = -3*j - 11. Suppose -3798*g = -3928*g + 780. Calculate the remainder when j is divided by g.
0
Suppose 3*h = 15 + 9. Calculate the remainder when h is divided by (-24)/9*6/(-4).
0
Let w be (-13 - -11) + (181 - 2/(-2)). Suppose 9*v + 3*v - w = 0. What is the remainder when 29 is divided by v?
14
Suppose -16*o + 2*o + 588 = 0. Suppose 3*f = -v + 50, -f + 4 - o = -v. What is the remainder when 76 is divided by v?
35
Suppose -2*i + 20*u - 15*u + 7787 = 0, 3*i = 4*u + 11691. What is the remainder when i is divided by 1947?
7
Let t = -31117 - -31287. What is the remainder when 517 is divided by t?
7
Suppose 4*o + k - 539 = 0, -14 + 407 = 3*o - 3*k. Let u = o - -678. Suppose 8*l - 76 = u. Calculate the remainder when l is divided by 56.
55
Suppose -2*t = 31*t + 99. What is the remainder when (t - 1)/(-4 + (-1160)/(-292)) is divided by 50?
46
Let q(c) = -6*c - 6. Let n = -11 + 8. Suppose 33 + 12 = j. What is the remainder when j is divided by q(n)?
9
Suppose 19*y + 1135 = 1686. Let q = 3 + 5. What is the remainder when y is divided by q?
5
Let o = -1465 - -2066. Suppose 0 = 2*g - 4*v - 314, -o = -28*g + 24*g - v. Calculate the remainder when g is divided by 51.
49
Let l = -28313 + 28554. What is the remainder when 3612 is divided by l?
238
Let h = -44 - -153. Let b = 127 - h. Suppose 18 + 334 = 4*d. Calculate the remainder when d is divided by b.
16
Suppose -3*q = -5*q + 14. Suppose q*s - 3*h + 390 = 3*s, -3*s - 4*h - 280 = 0. Let u = s - -122. Calculate the remainder when 102 is divided by u.
24
Let v(t) = -31*t - 1. Let f be v(-1). Let z = f - 15. Suppose -2*g - 3 = -15. Calculate the remainder when z is divided by g.
3
Let o = 3223 + -3215. Calculate the remainder when 479 is divided by o.
7
Calculate the remainder when 88 is divided by (-53)/(-3*15/45) - 0/(-2).
35
Suppose 5*k + 122 = 4*p, p - 6*k = -10*k + 20. Calculate the remainder when 129 is divided by p.
17
Calculate the remainder when 15 is divided by (5 - -4) + -6 + -3 + 4.
3
Let u be (-5 - -2) + (3 - -7). Let b(y) = y**2 - 5*y - 17. Let z be b(u). Calculate the remainder when 36 is divided by -2*z/2 - -10.
10
Suppose -h = -4*j - 28, h - 4*h = 5*j - 67. What is the remainder when -18 + 34 + -15 - -91 is divided by h?
20
Suppose -2*c + 5*s - 3*s = -28, 0 = -3*s - 12. Suppose c*j - 24 = 8*j. Suppose -50*y - 64 = -52*y. Calculate the remainder when y is divided by j.
8
Suppose -1538 = -3*m - 1439. Calculate the remainder when 558 is divided by m.
30
Let i(j) = j**3 - 14*j**2 - 15*j + 3. Let g be i(15). Suppose g*f + 3*f = 10*f. Suppose 240 = 5*y - f*y. Calculate the remainder when y is divided by 13.
9
What is the remainder when 291 is divided by 22/(176/312) - 7?
3
Let f = 5449 + -3352. Calculate the remainder when f is divided by 15.
12
Suppose -41*g = 2*g + 15 + 28. Suppose 4*w + 8 = 4*t, 0*t - 7 = -2*t - w. What is the remainder when 46 is divided by (g/t)/((-9)/216)?
6
Let s = 155 - 20. Calculate the remainder when s is divided by (0/3 - -5)*(31 - 17).
65
Let x(m) = -m**3 + 38*m**2 + 26*m + 588. What is the remainder when 332 is divided by x(39)?
8
Let y(f) = 3*f**2 - f + 1. Suppose 0 = 5*r + 4*o - 5*o - 369, -134 = -2*r - 3*o. Suppose r*t - 60*t - 286 = 0. What is the remainder when y(-5) is divided by t?
15
Let w = -93 + -119. Let n = -188 - w. What is the remainder when 83 is divided by n?
11
Let f(a) = 14*a**2 + 329*a + 982. Calculate the remainder when 467 is divided by f(-3).
104
Suppose -59*h - 7686 = -34118. Calculate the remainder when h is divided by 37.
4
Let s(a) = a**3 - 12*a**2 + 3. Let f be s(12). Suppose 4*u = 4*q + 76, -11*u + 43 = -9*u - f*q. Calculate the remainder when 96 is divided by u.
12
Let l = -142 - -179. Suppose 2*n = -l*c + 40*c - 60, 3*n - 9 = 0. What is the remainder when -1 + 2 + 86 + -1 is divided by c?
20
Let m(s) = -41*s + 689. Calculate the remainder when 810 is divided by m(15).
70
Calculate the remainder when 1150 is divided by -2 - 0 - (-4 - 1) - (83 + -157).
72
Let i be ((-102)/(-5))/(-3 + 85/25). Suppose -i*y = -45*y - 186. Calculate the remainder when y is divided by 12.
7
Let g = 165 + -63. What is the remainder when g is divided by ((-2)/9)/((-836)/(-1463) + 475/(-819))?
24
Let q be 1 - (-39 - (-3 + 1)). Let c = 45 - q. Suppose -13*b = -223 - 115. Calculate the remainder when b is divided by c.
5
Suppose 0 = 2*n - 4*f - 20, -3*f + 6*f = 3*n - 33. Let a = -8 + n. Calculate the remainder when 4 is divided by a.
0
Let w(d) = d**3 - 7*d + 6. Let n(h) = h**3 + 43*h**2 + 456*h - 33. Calculate the remainder when n(-21) is divided by w(4).
9
Let y be 6 - (-54)/(-12) - (-23)/2. Let t(o) = 7*o + 68. What is the remainder when t(y) is divided by 18?
15
Let c = 90 - 92. What is the remainder when c/((-16)/7 - (-8)/28) is divided by 1?
0
Suppose 9 = x - 2*l, 3*x - 4*l + 41 - 62 = 0. Calculate the remainder when (3/(-3))/(x/(-453)) is divided by 41.
28
Let j = 228 + -73. Calculate the remainder when j is divided by (1150 - 1170)*6/(-10).
11
Suppose -78 = -n - 4*t + 223, 0 = -3*n - 3*t + 930. Let c = 322 - n. Calculate the remainder when 79 is divided by c.
7
Suppose -282*b + 441349 = -3076883. What is the remainder when b is divided by 17?
15
Let c = 71 + -13. Calculate the remainder when c is divided by ((-27)/(-2))/(45/(-240)*-4).
4
Suppose 0 = 3*l - t + 757, 0 = l - 4*l - 4*t - 752. Let h = l - -258. Let a = -32 + 59. What is the remainder when a is divided by h?
3
Suppose -147*v + 23255 + 10555 = 0. What is the remainder when v is divided by 31?
13
Let n(b) = -4*b + 58. Let o be n(14). Suppose 7*m - 3*m = u + o, 0 = u - 3*m. Calculate the remainder when 30 is divided by u.
0
Suppose 0 = 14*q - 16*q - 4*i + 386, 4*q = 4*i + 844. What is the remainder when 210 is divided by q?
5
Suppose -96 - 93 = -27*h. What is the remainder when (-9 + h)*3 + 11 is divided by 2?
1
Suppose 6*m - 18 = -42. What is the remainder when 80 is divided by ((-9)/6)/(m + (-47)/(-12))?
8
Let l = 1554 + -1051. Suppose -2*d + l - 103 = -2*k, 2*k + 808 = 4*d. Suppose 7*q = 104 + d. Calculate the remainder when 86 is divided by q.
42
Let r(y) = -6*y + 33. Let i be r(28). Let c = i + 161. Calculate the remainder when 101 is divided by c.
23
Calculate the remainder when -11 + 0 + 7 - -320 is divided by 71.
32
Let x = -103 + 45. Let l = x + 109. Suppose -3*z + 162 + l = 0. Calculate the remainder when z is divided by 15.
11
Calculate the remainder when 365 is divided by ((-3536)/48)/(14/(-24) - (-2)/8).
144
Let w(o) = -14*o - 59. Suppose 0 = -4*c + 8*c - 32. What is the remainder when w(-8) is divided by c?
5
Let i be -12*(1 - 9/27). What is the remainder when (314/i)/(((-377)/104)/29) is divided by 64?
58
Let l(h) = h**2 - 3*h - 597. Let k(c) = -3*c + 1. Suppose y + 1 = -0. What is the remainder when k(y) is divided by l(26)?
0
Let m(w) = -4*w + 1. Let i be m(-1). Suppose 137 = 6*f - i*f. Let s(k) = -10*k + 15. What is the remainder when f is divided by s(-2)?
32
Suppose 160 = -y - 2*o, 5*o + 825 = 10*y - 15*y. Let l = y + 183. Calculate the remainder when 37 is divided by l.
11
Suppose 3*g - 3*r - 12 = 0, 5*g + r - 20 = 4*r. Suppose -1 = -h, 4*h + g = o - 18. Let q = -223 + 323. Calculate the remainder when q is divided by o.
22
Let j(x) = -x**3 - x. Let b be j(1). Calculate the remainder when 5/(b*(-1)/54) is divided by (-1 - -3)*(-3335)/(-290).
20
Let j = -14688 + 14994. Calculate the remainder when 1156 is divided by j.
238
Let j be 78275/(-300) - (-2)/(-24). Calculate the remainder when -15 + 16 - 1*j is divided by 93.
76
Let j = -17062 - -17259. What is the remainder when 9258 is divided by j?
196
Suppose o + 3*c = 51, -4*o + c + 2*c + 174 = 0. Let u be (-10)/(-3)*27/o. Calculate the remainder when u/(3 - 160/55) is divided by 5.
2
Let t = -8377 - -8584. What is the remainder when t is divided by 10?
7
Suppose 0 = -7*i + 76 + 50. Let l = 13 - 11. Suppose l*b = 26 - i. Calculate the remainder when 9 is divided by b.
1
Suppose 3*w - 58 = 5*l, 5*w + 3136 = 2*l + 3220. Calculate the remainder when 86 is divided by w.
6
Let i(o) = o - 25. Let p be i(9). Let h = 8 + p. What is the remainder when 6 is divided by (0 - 1*-1) +